alse
Is 136213 a multiple of 29?
True
Is 227 a factor of 2063430?
True
Is 365379 a multiple of 23?
False
Is 218160 a multiple of 360?
True
Does 109 divide 18966?
True
Does 8 divide 509672?
True
Is 63 a factor of 248863?
False
Does 8 divide 812421?
False
Does 10 divide 31299?
False
Does 6 divide 476424?
True
Is 422760 a multiple of 104?
True
Does 317 divide 349698?
False
Is 188 a factor of 6744516?
False
Does 9 divide 481601?
False
Does 7 divide 1880490?
False
Is 20320458 a multiple of 786?
True
Does 74 divide 6449692?
True
Does 272 divide 4400329?
False
Is 80 a factor of 4080?
True
Is 117 a factor of 1013913?
False
Is 418 a factor of 102828?
True
Is 21 a factor of 1611734?
False
Does 4 divide 110103?
False
Is 356720 a multiple of 14?
True
Is 151228 a multiple of 4?
True
Does 789 divide 11931670?
False
Is 423 a factor of 319788?
True
Does 46 divide 504436?
True
Is 245 a factor of 5845072?
False
Does 99 divide 981038?
False
Is 31072 a multiple of 58?
False
Is 6528060 a multiple of 180?
True
Is 2866071 a multiple of 39?
True
Is 12514740 a multiple of 12?
True
Is 315695 a multiple of 5?
True
Is 8 a factor of 57368?
True
Is 65 a factor of 280846?
False
Is 284 a factor of 163330?
False
Is 77816 a multiple of 8?
True
Is 144826 a multiple of 3?
False
Does 11 divide 25652?
True
Does 11 divide 1815693?
True
Is 13 a factor of 788918?
True
Is 169596 a multiple of 63?
True
Is 1842945 a multiple of 169?
True
Is 309 a factor of 1606827?
False
Is 2529006 a multiple of 3?
True
Is 551 a factor of 2469031?
True
Is 31043 a multiple of 8?
False
Is 129869 a multiple of 21?
False
Is 3556 a multiple of 254?
True
Does 111 divide 63936?
True
Is 2494972 a multiple of 17?
False
Is 300969 a multiple of 471?
True
Does 37 divide 134247?
False
Is 135 a factor of 283365?
True
Is 78 a factor of 1433698?
False
Is 1970489 a multiple of 126?
False
Does 81 divide 26811?
True
Does 44 divide 2470795?
False
Is 2415432 a multiple of 97?
False
Is 356426 a multiple of 14?
True
Is 3576867 a multiple of 21?
True
Is 416791 a multiple of 35?
False
Is 5 a factor of 59190?
True
Is 97 a factor of 811772?
False
Is 23 a factor of 219995?
True
Is 5179 a multiple of 4?
False
Is 228776 a multiple of 5?
False
Does 172 divide 6511374?
False
Is 137192 a multiple of 9?
False
Is 33 a factor of 378411?
True
Does 45 divide 6878475?
True
Is 323577 a multiple of 130?
False
Is 897 a factor of 12653082?
True
Is 3173351 a multiple of 279?
False
Is 156 a factor of 269193?
False
Does 136 divide 747048?
True
Is 118 a factor of 51893?
False
Is 1950210 a multiple of 15?
True
Is 124880 a multiple of 70?
True
Is 19052146 a multiple of 95?
False
Does 19 divide 310403?
True
Does 4 divide 2977836?
True
Is 569640 a multiple of 12?
True
Is 46659 a multiple of 151?
True
Does 40 divide 6017280?
True
Is 4 a factor of 48694?
False
Does 473 divide 1969572?
True
Does 95 divide 1248585?
True
Is 478 a factor of 6287134?
True
Is 606501 a multiple of 7?
True
Does 91 divide 571763?
False
Is 76 a factor of 70984?
True
Is 240344 a multiple of 6?
False
Does 139 divide 40310?
True
Is 1556704 a multiple of 13?
False
Is 15 a factor of 163161?
False
Is 27 a factor of 984663?
True
Does 6 divide 194592?
True
Is 2250344 a multiple of 206?
True
Is 6 a factor of 404950?
False
Is 173 a factor of 1016202?
True
Does 270 divide 9351180?
True
Does 15 divide 54135?
True
Does 139 divide 12756030?
True
Is 717 a factor of 4558686?
True
Is 54 a factor of 822658?
False
Is 254473 a multiple of 17?
True
Is 3630125 a multiple of 11?
False
Is 23 a factor of 12259?
True
Is 16144832 a multiple of 608?
True
Is 42 a factor of 26025?
False
Is 844150 a multiple of 10?
True
Does 22 divide 115017?
False
Does 35 divide 4830?
True
Is 422039 a multiple of 862?
False
Does 145 divide 964830?
True
Is 28 a factor of 3948?
True
Does 155 divide 3623900?
True
Is 1881 a factor of 2094079?
False
Does 15 divide 9825?
True
Does 301 divide 10741787?
True
Is 38 a factor of 1881054?
False
Is 2673186 a multiple of 1074?
True
Is 842895 a multiple of 18?
False
Is 10 a factor of 1900491?
False
Is 262 a factor of 2878070?
True
Is 508748 a multiple of 63?
False
Does 49 divide 199223?
False
Does 15 divide 159180?
True
Is 44948 a multiple of 68?
True
Is 8322197 a multiple of 242?
False
Does 2555 divide 19341350?
True
Is 105395 even?
False
Is 16047426 a multiple of 27?
False
Does 11 divide 105024?
False
Is 655 a factor of 847570?
True
Is 585 a factor of 21926970?
True
Is 46 a factor of 91163?
False
Does 23 divide 4404025?
False
Is 155 a factor of 24955?
True
Does 188 divide 59073?
False
Does 195 divide 8775?
True
Is 29 a factor of 12185655?
True
Does 648 divide 3860784?
True
Is 693551 a multiple of 167?
True
Is 4498642 a multiple of 17?
True
Is 1862230 a multiple of 242?
False
Is 875087 a multiple of 13?
False
Does 19 divide 380432?
False
Is 128 a factor of 244352?
True
Is 66 a factor of 2089626?
True
Is 5 a factor of 1383676?
False
Is 159 a factor of 1259121?
True
Is 2443560 a multiple of 70?
True
Is 51 a factor of 11062?
False
Does 141 divide 201501?
False
Does 86 divide 24417695?
False
Is 71 a factor of 3264980?
False
Is 88669 a multiple of 172?
False
Does 20 divide 221260?
True
Is 17 a factor of 2474927?
False
Is 618332 a multiple of 30?
False
Is 163 a factor of 227785?
False
Is 23 a factor of 96325?
False
Is 204211 a multiple of 104?
False
Is 291 a factor of 2954232?
True
Is 14 a factor of 15048600?
True
Is 1760826 a multiple of 5?
False
Does 36 divide 1046855?
False
Does 9 divide 1697043?
False
Is 9 a factor of 366073?
False
Is 627 a factor of 2630265?
True
Is 461 a factor of 10318563?
True
Is 2818334 a multiple of 973?
False
Is 3260664 a multiple of 24?
True
Does 13 divide 15236?
True
Is 97 a factor of 88658?
True
Does 166 divide 15417582?
True
Is 4446741 a multiple of 276?
False
Does 14 divide 399735?
False
Is 87 a factor of 243470?
False
Is 104457 a multiple of 8?
False
Is 445561 a multiple of 279?
False
Does 12 divide 6908256?
True
Is 90 a factor of 134190?
True
Does 692 divide 1759756?
True
Does 1061 divide 2262052?
True
Is 54 a factor of 2334150?
True
Is 2583178 a multiple of 1361?
True
Is 80 a factor of 9122353?
False
Is 14 a factor of 122262?
True
Is 19 a factor of 947328?
False
Is 20 a factor of 537660?
True
Is 32 a factor of 250082?
False
Is 2 a factor of 319858?
True
Does 21 divide 113270?
False
Is 105822 a multiple of 20?
False
Does 121 divide 7018?
True
Is 8 a factor of 1915392?
True
Is 89280 a multiple of 6?
True
Is 6 a factor of 57258?
True
Is 4 a factor of 8967?
False
Is 469086 a multiple of 222?
True
Is 10 a factor of 654690?
True
Is 264 a factor of 336336?
True
Is 29 a factor of 1094339?
False
Is 9 a factor of 1370?
False
Is 667222 a multiple of 149?
True
Is 48 a factor of 145532?
False
Is 33 a factor of 160354?
False
Is 1860157 a multiple of 443?
True
Is 5629303 a multiple of 86?
False
Does 34 divide 63471?
False
Is 7 a factor of 1089564?
True
Is 11 a factor of 69952?
False
Is 11687 a multiple of 29?
True
Is 155040 a multiple of 60?
True
Is 2 a factor of 26646?
True
Does 88 divide 162375?
False
Is 110705 a multiple of 8?
False
Is 2822236 a multiple of 305?
False
Is 12 a factor of 1261668?
True
Is 80620 a multiple of 77?
False
Does 122 divide 57061?
False
Is 2995910 a multiple of 101?
False
Is 2 a factor of 1696186?
True
Is 934524 a multiple of 612?
True
Is 202 a factor of 556502?
False
Is 34 a factor of 1182350?
True
Does 10 divide 12563646?
False
Is 104876 a multiple of 21?
False
Is 237 a factor of 3301884?
True
Is 69058 a multiple of 392?
False
Is 27422010 a multiple of 7?
True
Does 25 divide 2388675?
True
Is 6 a factor of 620622?
True
Is 7 a factor of 30917?
False
Does 157 divide 81169?
True
Does 3 divide 53914?
False
Is 24 a factor of 327662?
False
Does 139 divide 1781146?
True
Is 348944 a multiple of 158?
False
Is 112785 a multiple of 73?
True
Is 348 a factor of 50028?
False
Is 1374100 a multiple of 130?
True
Is 16 a factor of 359584?
True
Does 40 divide 5952120?
True
Does 5 divide 333875?
True
Does 86 divide 2144686?
False
Does 105 divide 34112?
False
Is 69 a factor of 173936?
False
Does 13 divide 438204?
True
Does 60 divide 169650?
False
Is 3976780 a multiple of 7?
False
Is 83 a factor of 1472171?
True
Is 356754 a multiple of 99?
False
Is 123 a factor of 5